he remainder when o is divided by 3?
1
Let j(i) be the first derivative of i**2/2 - 4. What is the remainder when 3 is divided by j(2)?
1
Suppose k = -4*n + 42, -5*n - 3 = -k + 3. What is the remainder when k is divided by 10?
6
Suppose -2*m - 50 = -3*c - 1, -5*c + 2*m = -75. Calculate the remainder when (-2)/(-4) + (-45)/(-2) is divided by c.
10
Suppose 4*d = c + d - 33, -154 = -4*c + d. Let b = -20 + c. What is the remainder when b is divided by (-2)/(-4)*-7*-2?
5
What is the remainder when 90*(-6)/9*9/(-12) is divided by 8?
5
Suppose -2*f = -18 - 120. What is the remainder when (f - 3) + (3 - 0) is divided by 18?
15
Suppose -4*i + 46 + 46 = 0. Calculate the remainder when 66 is divided by i.
20
Let s = -84 + 137. Let k be (1/(-2))/(-1)*10. Suppose k*v - 62 = s. Calculate the remainder when v is divided by 12.
11
Let v(p) = -p**2 + 7*p - 6. Suppose -t - q = -11, -5*t - q - 4 = -39. Let d be v(t). Suppose 0*n - n + 3 = d. What is the remainder when 10 is divided by n?
1
Suppose -2*x + 21 = -5*f, 4*f = x + 5 - 23. Suppose 4*s + 3*q - 122 = -s, -5*s = -4*q - 129. Calculate the remainder when s is divided by (4 + x)/(4/18).
7
Let f = 791 - 777. What is the remainder when ((0 - 0) + -6)*-4 is divided by f?
10
Let k = -17 - -44. Calculate the remainder when 186 is divided by k.
24
Suppose -5*w + 180 = -5*m, -m - 72 = m - 4*w. Let j be (-1 + 59)/(1/(-1)). Let p = m - j. What is the remainder when p is divided by 12?
10
Let j = 7 + -2. Calculate the remainder when 7 is divided by j.
2
Let b = 5 - 5. Let j be -2 - (-2 + b/1). What is the remainder when 9 + (j + 1 - -1) is divided by 4?
3
Suppose 2*c - 8 = 8. Suppose 0 = -3*j + 6*j - 63. Calculate the remainder when j is divided by c.
5
Let z = 14 - 5. What is the remainder when 79 is divided by z?
7
Let c(b) = -b**2 - 4*b - 4. Let i be c(-4). Calculate the remainder when (-4)/i - 6/(-3) is divided by 3.
0
Let t = -84 - -144. Calculate the remainder when t is divided by 7.
4
Let k = -1 + -1. Suppose 26 = 11*m - 62. Calculate the remainder when (63/6)/((-1)/k) is divided by m.
5
Let k(i) = -i**3 - 14*i**2 - 16*i + 14. Calculate the remainder when k(-13) is divided by 11.
9
Let f(t) = -23*t + 4. Let j be f(-4). Let u = -5 - -10. Suppose 0 = -u*d + d + j. Calculate the remainder when d is divided by 13.
11
Let u(z) = -4 + 2*z + 0 - 13*z. Let m(i) = 2*i + 3. What is the remainder when u(-3) is divided by m(6)?
14
Suppose 48 = 2*x + 4*x. Suppose 0 = x*u - 2*u - 174. What is the remainder when u is divided by 8?
5
Suppose 47 = 2*z + 17. Calculate the remainder when 43 is divided by z.
13
Suppose 0 = -4*a + a + 15. Let v = 5 - a. Suppose v*p + p - 16 = 0. Calculate the remainder when 31 is divided by p.
15
Suppose t = -s + 18, -2*t + 51 = 3*s - 0*t. Calculate the remainder when s is divided by 8.
7
Let y be (-2)/1 + 95/(-5). Let u(t) = -2*t**3 - 6*t**2 - 2*t - 6. Let z be u(-4). Let c = y + z. What is the remainder when c is divided by 4?
1
Let b be 30/((-12)/(-8) + -1). Suppose -2*c + 4*o + b = 0, 5*c = -5*o + 3*o + 138. What is the remainder when c is divided by 15?
13
Suppose -3*a - p = -2*a + 11, 3*a = -p - 41. Let j = 26 + a. Let o = -19 + 39. What is the remainder when o is divided by j?
9
Calculate the remainder when (-33)/(11/(-8) - -1) is divided by 15.
13
Let l(o) = -o + 16. What is the remainder when l(-13) is divided by 5?
4
Suppose 0 = 5*o - 5*i - 465, 0*i = -5*o - 2*i + 493. Suppose 2*y + 15 = o. Calculate the remainder when y is divided by 11.
8
Let j(i) = i**3 + 10*i**2 - i - 10. Let k be j(-10). Suppose -z - s - 2 = -14, k = -z + 2*s + 15. Calculate the remainder when 38 is divided by z.
12
Let t = 66 + -54. Calculate the remainder when 34 is divided by t.
10
Suppose -4*l - 5*o + 113 = 0, -3*o = -2*o - 5. Calculate the remainder when 217 is divided by l.
19
Let v(i) = 16*i - 1. Suppose -18 = 2*w + 8. Calculate the remainder when ((-1)/3)/(w/1131) is divided by v(1).
14
Let u(m) = -m**3 + 6*m**2 + 10*m - 1. Let x be (49/(-14))/(2/(-4)). What is the remainder when u(x) is divided by 11?
9
Suppose 0 = 3*r + 5*t - 206, -88 = -r - t - 18. What is the remainder when r is divided by 25?
22
Suppose 5*o - 5*u = 15, -3*o - 2*u = 3 - 7. What is the remainder when (-18)/(-4)*6/9 is divided by 4/(o + (0 - 0))?
1
Let a be (-2)/(-8) - (-88)/32. Suppose a = -d - 3*s + 9, -s = d - 4. What is the remainder when 9 is divided by d?
0
Suppose -22 = -13*t + 2*t. Calculate the remainder when 35 is divided by t.
1
Let t = -6 + 10. Let p(r) = r**3 - 4*r**2 + 2*r - 6. Let f(l) = -l**3 - 6*l**2 + 4. What is the remainder when f(-6) is divided by p(t)?
0
Let w = 49 - 27. What is the remainder when 642/10 - (-7)/(-35) is divided by w?
20
Let g be ((-3)/2)/(9/96). Let r = g + 20. Calculate the remainder when r is divided by 4.
0
Let p = 100 + -81. Calculate the remainder when p is divided by 11.
8
Let k(l) = 7*l - 74. Calculate the remainder when k(23) is divided by 13.
9
Suppose 3*v + 1 = 2*a, -4*a - 2*v + 39 - 13 = 0. What is the remainder when 14 is divided by a?
4
Let z(c) = -c**3 + 9*c**2 + c + 11. What is the remainder when z(9) is divided by 11?
9
Let i = 12 + -7. Let o = 10 + i. Let n = -5 + o. Calculate the remainder when 19 is divided by n.
9
Suppose -11 = 2*i + 3. Let v(d) = -d - 7. Let b be v(i). Suppose 5*j + b = 25. What is the remainder when 13 is divided by j?
3
Let p = 7 - 11. Let k = -40 + 61. What is the remainder when k is divided by 4*((-55)/p)/5?
10
Suppose -2*t - t = -4*k + 32, 0 = -k + t + 9. Calculate the remainder when k is divided by 2.
1
Let g be 1 + 0 + (0 - 39). Calculate the remainder when 56 is divided by g*(1/2)/(-1).
18
Suppose 0*h - 5*v = 4*h - 39, -4*h = v - 27. Calculate the remainder when h is divided by 4.
2
Suppose -l - 2*l = -15, -4*p + 1113 = -3*l. Suppose 0 = 5*y - p - 248. Calculate the remainder when y is divided by 27.
25
Let i = -12 - -22. Suppose -i = -2*y - 0*y. Suppose y = o - 5. What is the remainder when 29 is divided by o?
9
Let c = 5 + -3. Let i be -4 + (5 - 3) + 2. Suppose i*m + 2 = m. Calculate the remainder when m is divided by c.
0
Suppose b + 5*d = 3*b - 80, -2*d + 101 = 3*b. Let l = b - 15. What is the remainder when 59 is divided by l?
19
Let t = -107 - -235. What is the remainder when t is divided by 13?
11
Let o be (-1)/(-2)*-2 - -8. Calculate the remainder when 4*(147/6)/o is divided by 4.
2
Let g(r) = -r**2 + 9*r - 7. What is the remainder when 102 is divided by g(5)?
11
Let i(a) = -a**3 - 11*a**2 - 12*a + 13. Calculate the remainder when i(-10) is divided by 17.
16
Let w(m) = 9*m + 1. Suppose 2*g = -5*r + 100, -4*r + g + 80 = -2*g. Calculate the remainder when w(4) is divided by r.
17
Let x = 455 + -270. What is the remainder when x is divided by 62?
61
Let a(g) = -2*g - 3. Calculate the remainder when 13 is divided by a(-5).
6
Calculate the remainder when (-517)/(-44) + 2/8 is divided by 3.
0
Suppose -2*m = 13*m - 855. Let y(q) = -7*q + 2. Calculate the remainder when m is divided by y(-4).
27
Suppose 8*j - 104 = 800. Calculate the remainder when j is divided by 29.
26
Let r = 10 + -5. Let s(a) = a**3 + 3*a**2 - 10*a + 2. What is the remainder when r is divided by s(-5)?
1
Let j(c) = -c**2 + 11*c + 2. Let z be j(11). What is the remainder when (49 - z/2) + 1 is divided by 17?
15
Let q = 5 - -21. Calculate the remainder when 48 is divided by q.
22
Suppose 0 = -2*w - w + 51. Let i = -14 + w. Calculate the remainder when 6 is divided by i.
0
Suppose 5*o + 5*r - 185 = 0, -8*r + 10 = -3*r. Calculate the remainder when o is divided by 10.
5
Let n(q) = q**2 - 5*q + 6. Let v be n(8). Suppose 2*r + r - v = 0. Calculate the remainder when 19 is divided by r.
9
Suppose 4*w - 2*d - 140 = 46, -2*d = w - 59. Suppose -39 = -p - 5*o, 2*p + o = 15 + 36. Let z = w - p. Calculate the remainder when z is divided by 9.
7
Suppose x + 93 = 5*a, -x - 57 = -4*a - 6*x. What is the remainder when 32 is divided by a?
14
Let s be (0 - (-3 - -3))/(-1). Suppose s = 7*y - 5 - 2. Let r = 6 + -4. What is the remainder when r is divided by y?
0
Let w = 27 + -23. Calculate the remainder when w is divided by 3.
1
Suppose -5*u = 4*q - 22, 5*q - 1 = 4*u + 6. Suppose q*f = -2*z + 9, z + 58 = 5*z - 2*f. Calculate the remainder when 23 is divided by z.
11
Let z(v) = -v**3 - 2*v**2. Let u be 